5
Let m(q) = q**2 - 2*q + 2. Let t be m(3). Let j = -3 + t. What is the units digit of (1 - 15)*(-1)/j?
7
Let a(r) = -3*r + 1. Let y(m) = 0 - 2*m + 2 - 1. Let t(v) = 5*a(v) - 6*y(v). What is the units digit of t(-1)?
2
Suppose 2*l + l - 18 = 0. Let b be 14/l - (-3)/(-9). Suppose -b*y + 5 = 3*y. What is the units digit of y?
1
Let h be (-4)/10 + (-4)/(-10). Suppose h = 5*d - 3*d + 5*g + 7, 2*d - 3*g = 17. What is the units digit of (d/(-10))/(2/(-20))?
4
What is the units digit of (30/2)/3 + 67?
2
Let s be 0*(-2 + 1)*1. Suppose -2*t - 5*l = -15, -t - 5*l = -s*l - 10. What is the units digit of t?
5
Let f(n) = -39*n - 19. What is the units digit of f(-4)?
7
Let w = 35 + 129. What is the tens digit of w?
6
Let p(g) be the first derivative of g**3/3 - g**2/2 + 15*g + 3. What is the units digit of p(0)?
5
Suppose 9 = -2*t + 5*t, -3*v = 3*t - 21. Suppose 5*y - 1 = -z - 3, v*z + 5*y = 7. What is the units digit of z?
3
Let n(w) be the first derivative of w**5/20 + w**2/2 + w + 2. Let x(d) be the first derivative of n(d). What is the units digit of x(1)?
2
Let s be 6*(-12)/15*15. What is the units digit of s/(-15) - 3/(-15)?
5
Suppose 4*u - 18 = x, 2*u - 2 = -2*x + 2. Suppose 32 = r - u*l, r + 3*l + 32 = 2*r. What is the tens digit of r?
3
Suppose 123 + 3 = 3*w. What is the units digit of w?
2
Suppose 3*x - 7 + 61 = 0. Let m = 35 + x. What is the units digit of m?
7
Suppose 4*d + 2*o = 14, 0*d - 5*o = -4*d + 35. Suppose 2*m - 5*p + 24 = 4*m, 26 = d*m + 4*p. Suppose 0 = -m*x + 3*x - 9. What is the units digit of x?
9
Suppose -4*u + 16 = q, -10 + 2 = 2*q - 2*u. Suppose q*z = z - 2. Suppose b = 2, 0 = z*o + 3*b - 4 - 8. What is the units digit of o?
3
Let u be 12/(-2) + 3 - -6. Suppose -u*r + 0*r + 30 = 0. What is the units digit of r?
0
Suppose y - 2*f = -2, 2*f + f - 3 = 4*y. Suppose y = -3*v + v - 2. What is the units digit of v/(-5) + 12/15?
1
Let y be 1*(7 - 1)/2. Suppose 24 = y*w - 0*w. What is the units digit of w?
8
Suppose -5*j = k - 4*k + 517, -j + 183 = k. What is the hundreds digit of k?
1
Suppose 3*j - 6*j = -84. Suppose -3*v + j = -50. What is the tens digit of v?
2
Let u = 473 - 247. What is the units digit of u?
6
Let n(v) = 2*v**2 + 8*v + 17. What is the tens digit of n(7)?
7
What is the tens digit of (-508)/(-11) + (-4)/22?
4
Suppose 16 = 4*c, 0*c = 5*k - 4*c - 4. What is the units digit of k?
4
Let k(r) be the second derivative of 11*r**4/12 - r**3/6 + r**2/2 + 2*r. What is the tens digit of k(1)?
1
Let t = 49 + 29. What is the tens digit of t?
7
What is the hundreds digit of 381/3 + 1/3*-3?
1
Let z = 24 - 62. Let t = z - -59. What is the units digit of t?
1
Let l = -89 + 173. Suppose l - 6 = 2*y + 2*m, -y = 4*m - 48. What is the units digit of y?
6
Let h(m) = -4*m**2 + 2*m - 1. Let i be h(2). Suppose 3*g + 40 = -2*g. Let j = g - i. What is the units digit of j?
5
What is the units digit of -2*1/((-2)/37)?
7
Suppose -2*p - 97 = -3*k, 0*p = k + p - 34. What is the units digit of k?
3
Suppose -u + 5 - 1 = 0. Suppose p - 5*a + 11 = -2*p, 5*a - 18 = u*p. Let w(q) = -2*q + 1. What is the units digit of w(p)?
5
Let o(z) = z**3 + z**2 + z - 5. Let v be o(0). Let k = v - -1. What is the units digit of ((-2)/k)/((-4)/(-56))?
7
Let o(g) = g**3 - g + 9. What is the units digit of o(0)?
9
Suppose 0 = 3*n - 4*n. Let b be -2 + 1 + 0 - n. Let j = b + 3. What is the units digit of j?
2
Suppose 4*a + 4 = 2*s + 5*a, -5*s - 4*a + 7 = 0. Let c = 74 - 67. Suppose c = -s*t + 16. What is the units digit of t?
3
Suppose 4*w + 78 = 2*y, -5*y - 4*w + 46 = -3*y. What is the units digit of y?
1
Suppose 0 = 24*w - 23*w - 51. What is the tens digit of w?
5
Let d = 25 + 49. What is the tens digit of d?
7
Let g be (-40)/(-2 + (-15)/(-6)). Let f = 115 + g. What is the units digit of f?
5
What is the tens digit of ((-57)/(-12))/((-4)/(-16))?
1
Suppose 16 = 2*g - 2*s, 25 = -s + 6*s. What is the tens digit of g?
1
What is the hundreds digit of -10*3*(-21)/6?
1
Suppose -2*z + 1387 = 5*m, 4*m + 0*z = z + 1107. What is the hundreds digit of m?
2
Suppose 0 = -12*j + 2752 - 424. What is the tens digit of j?
9
Let w = 1 + -1. Let q = 14 - w. What is the tens digit of q?
1
Suppose o = -14 + 52. What is the units digit of o?
8
Let v(i) = i**3 + 7*i**2 + 6*i. Let l be v(-6). Suppose -5*p - 17 - 3 = l. What is the units digit of (21/(-6))/(2/p)?
7
Let i(v) = -2 - 4 + 1 - 7*v + 1. What is the tens digit of i(-4)?
2
Let v = -9 - -7. Let m be -2*(0 - 10/(-4)). Let q = v - m. What is the units digit of q?
3
What is the units digit of (-2)/3 - (-3458)/57?
0
Suppose -4*b - 13 = -8*t + 3*t, -3*t = -4*b - 11. Let i = 7 - 11. Let a = b - i. What is the units digit of a?
2
Suppose 0 = m - 4*g + 12, -g = -3 - 0. Let z be (m + -1)/(-4 + 3). What is the units digit of (z - -1)*1 + 8?
0
Suppose 2*f = -2 + 10. Let u = f + 11. What is the units digit of u?
5
Suppose r = 4*y + 199, 4*r + 282 - 1134 = 2*y. What is the units digit of r?
5
Suppose 2 = -4*c + 14. Let u = -3 - -6. Suppose -o = -6*o + 3*z + 21, 0 = -o + u*z - c. What is the units digit of o?
6
Let w(p) = -p**2 - 14*p + 10. What is the tens digit of w(-5)?
5
Let x(r) = -29*r - 1. What is the tens digit of x(-6)?
7
Let y(x) = -x + x**2 - 7 + 3*x + 3*x + 2*x. What is the units digit of y(-9)?
1
Let g = -24 - -36. What is the tens digit of g?
1
Let w = 25 - 14. Let f = w - 10. What is the units digit of f?
1
What is the units digit of 36/(-8)*194/(-3)?
1
Let z(k) be the first derivative of -k**2/2 - 1. Let m be z(-3). What is the units digit of (-12)/(-2)*8/m?
6
Let s(c) = c**2. Let r be s(0). Let g(i) = -i**2 - i + 3. Let w be g(r). Suppose -2 = w*b - 11. What is the units digit of b?
3
Suppose -8*m + 349 = -1051. What is the hundreds digit of m?
1
Suppose -2*o + 6 = -g + 4*g, -3*g = 6. Suppose -2*r - 3*q = -5, r - 3*q + 11 = -0*r. What is the units digit of (-2 - 1)/(r/o)?
9
Let i = 81 - 53. Let s be (-228)/(-14) - 8/i. Suppose 35 = 5*m - 5*z, 2*z = 3*m - 7 - s. What is the units digit of m?
9
Let d(g) = -g**3 - g**2 + 2*g + 75. What is the tens digit of d(0)?
7
Suppose 5*z - 9 + 4 = 0, 2*z = -5*b + 237. What is the tens digit of b?
4
Let n(o) = -o**2 + 52. What is the units digit of n(0)?
2
Suppose -5*w = -10 - 25. Suppose -2*s = -n - 1, n + 2*s = -0*s + 11. Let a = w - n. What is the units digit of a?
2
Suppose 0 = p - y - 11, 3*p + y = -2*y + 15. Suppose 0*a - p = -4*a. Suppose -b + 3*b = a. What is the units digit of b?
1
Let p = 6 - 2. Suppose p*k + a = 50, -6*a = -a - 10. What is the units digit of k?
2
Suppose 0 = 5*o - 4*t - 322, -4*o = t - 0*t - 266. What is the tens digit of o?
6
Let l(p) = 22*p**2. Let u be l(1). Suppose 3*o + q - 18 = 4*q, 0 = -3*o + 4*q + u. Suppose -4*t + a - o*a = -31, -4*t = -a - 25. What is the units digit of t?
7
Let g = 23 - -6. Let d = g + -20. What is the units digit of d?
9
Suppose 0 = 4*q - 0*q - 116. Suppose 0 = -5*g + 4*o - 0 + q, 0 = 4*g - 2*o - 22. Suppose g*t + 4*v - 10 = 0, 2*t - 3*t - v = -2. What is the units digit of t?
2
Suppose -2*l + 15 + 17 = 0. What is the units digit of l?
6
What is the tens digit of (-2)/(-6) + 416/12?
3
Suppose -4*x + 4*l + 432 = 0, -2*l = -6*l + 8. What is the units digit of x?
0
Let t = 317 + -223. What is the units digit of t?
4
Let v(w) = w**3 - 2*w**2 + w + 1. Let q be v(2). Suppose -n - 36 = -q*x, -8 = -2*x + 3*n + 9. What is the tens digit of x?
1
Let t = 423 - 223. What is the hundreds digit of t?
2
Let u(q) be the first derivative of q**3/3 + 11*q**2/2 - 5*q - 7. What is the tens digit of u(-14)?
3
Suppose -2*k + 11 = -4*i - 3, -15 = -5*i - 4*k. What is the units digit of (i - 1) + (15 - 1)?
2
Let k = -2 + 2. Suppose k = -3*m + 9 + 9. Let g = 12 - m. What is the units digit of g?
6
Suppose 768 = -4*u + 8*u. What is the hundreds digit of u?
1
Suppose 5*j + 102 = 37. Let n(x) = -x + 9. What is the tens digit of n(j)?
2
Suppose 0*h = -2*h - 2*v + 322, -2*v + 10 = 0. What is the hundreds digit of h?
1
Let k be 2 - 1 - (-4)/2. Suppose -s - k*s = -60. What is the tens digit of s?
1
Let s(m) = m - 3. Let t be s(1). What is the tens digit of 1/(162/(-82) - t)?
4
Let f(d) = -d**3 + 13*d**2 + 6*d + 10. What is the tens digit of f(13)?
8
Let a be (-10)/3 - 2/3. Let n = 37 - 44. Let k = a - n. What is the units digit of k?
3
What is the hundreds digit of ((-8118)/